Suppose 22 = f - 2*r, 5*f - 108 = 5*r - 3. What is the remainder when 5937 is divided by f?
17
Let g = -1422 - -1506. Calculate the remainder when 3695 is divided by g.
83
Suppose -a - a = 8*a. Suppose 3*n - n = 4*q + 2, -4*q + 4*n - 4 = a. Suppose -36 = -4*s - q. Calculate the remainder when 14 is divided by s.
5
Let r = 19943 - 19919. What is the remainder when 7223 is divided by r?
23
Let y = 6031 - 5885. What is the remainder when y is divided by 19?
13
Let z(x) = x**3 - 9*x**2 + x - 7. Let v(t) = 122*t - 1213. Calculate the remainder when v(10) is divided by z(9).
1
Suppose 4*d = 0, -4*v + 31*d = 36*d - 136. Suppose 4*j = -0*j + 84. Suppose 15 = 4*i - j. Calculate the remainder when v is divided by i.
7
Let t(i) be the third derivative of i**5/10 - 3*i**4/8 + 4*i**3/3 + 13*i**2. Calculate the remainder when 87 is divided by t(3).
17
Suppose 36*h - 830 = 646. Calculate the remainder when 56 is divided by h.
15
Let r(v) = -8 - 2*v**3 - 9*v**3 - 13*v**3 - 8*v**2 - 3*v + 23*v**3 + 3*v**2. What is the remainder when 349 is divided by r(-5)?
6
Let c = 4 + 1. Let w(u) = -27*u - 206. Let z be w(-8). Calculate the remainder when 142/(z/25*c) is divided by 24.
23
Suppose -10*i + 2 = 2. Suppose 3*u + l - 2 = -7, 5*l - 5 = i. Let v(x) = -80*x - 14. What is the remainder when v(u) is divided by 15?
11
Let s(u) = u**2 - 7*u - 40. Let t be s(11). Suppose -h - 634 = -6*h + 3*m, -3*m + 491 = t*h. What is the remainder when h is divided by 13?
8
Let u = -67 + 104. Let i(t) = -100*t**2 - t + 2. Let a be i(1). Let d = 119 + a. What is the remainder when u is divided by d?
17
Let f(m) = m**3 - 3*m**2 + 5*m + 1. Suppose 13*k - 9*k - 1684 = 0. Let x = k + -238. Calculate the remainder when x is divided by f(4).
35
Let p = -190 + 203. Let h(j) = j**3 - 14*j**2 - 25*j + 40. Calculate the remainder when h(16) is divided by p.
9
Let m = -106 - -154. Suppose -33 - 14 = -c. Let l = 65 - c. Calculate the remainder when m is divided by l.
12
What is the remainder when 26001/45 - 21/(1260/48) is divided by 228?
121
Suppose 5*k = -35*s + 36*s + 11098, s + 3 = 0. What is the remainder when k is divided by 2216?
3
Suppose -3881 - 13831 = -4*b - 2*b. Calculate the remainder when b is divided by 7.
5
Suppose -2*s - 5*r - 48 = -23, -4*s + 3*r = -15. Calculate the remainder when 88 is divided by s/(-12) + ((-416)/(-4))/4.
10
What is the remainder when -114*-5*(-6)/(-45) is divided by 26?
24
Let o be (-4)/(-10) + 1073/5. Suppose 350 = 3*v - c - c, -2*v + 5*c + o = 0. Suppose v = 3*k + 5*k. Calculate the remainder when 57 is divided by k.
12
Let v(k) = k**3 + 3*k**2 - 16*k + 23. Let o be v(-6). Calculate the remainder when (o - -1)*(-184)/(-32) is divided by 2.
1
Let r be 12368/72 - 2/(-9). Let w = 228 - r. Calculate the remainder when 501 is divided by w.
53
Let l(m) = -m**3 + 22*m**2 + 2*m + 2. Let f be l(22). Suppose 7*p + f = 8*p. Suppose 3*d = p - 1. What is the remainder when 27 is divided by d?
12
Let w = 5 - -19. Suppose -9*h + 102 = -w. Suppose 17*c - h*c = 15, 0 = 4*t - 3*c - 45. Calculate the remainder when 18 is divided by t.
3
Let a = -36 - -41. Suppose -4*t + a*t = -1. Let m(d) = 13*d**2 + d + 1. Calculate the remainder when 35 is divided by m(t).
9
Suppose 2*v = f - 46, -7*f + 3*v = -v - 352. What is the remainder when 112 is divided by f?
8
Let w = -30 + 26. Let c(z) = z**2 - 7*z - 8. Let k(u) = u**2 - 6*u - 7. Let n(m) = -6*c(m) + 7*k(m). What is the remainder when 102 is divided by n(w)?
12
Let g(f) = -121*f + 18. Calculate the remainder when 865 is divided by g(-1).
31
Suppose -2*x - 4*w + 44 = -2*w, 5*w + 58 = 3*x. Calculate the remainder when 79 is divided by x.
16
Let w = -67 - -67. Suppose w*d + 2*d - 35 = -5*p, 2*p + 3*d = 25. Suppose -4*c + 282 = 2*y, 2*c - y + 211 = p*c. What is the remainder when c is divided by 24?
22
Let r(k) = -2*k + 19. Let l be r(8). Suppose -3*n - w = 64, l*n + 4*w + 10 = -57. What is the remainder when 6 is divided by 2/(-7) + ((-90)/n - 1)?
0
Let q(b) = b**3 + 8*b**2 + b - 7. Let c be q(-8). Let d = 45 + c. Let k = 43 - d. What is the remainder when 36 is divided by k?
10
Let i = 2172 + -2095. What is the remainder when 372 is divided by i?
64
Suppose -11*w = -10*w - 116. Let y = 122 - w. Calculate the remainder when 26 is divided by y.
2
Let j(u) = 29*u**2 + 22*u + 19. Suppose -m = -3*d + 303, -4*d - 3*m = -5*m - 404. Calculate the remainder when d is divided by j(-1).
23
Let o = -18914 - -20899. What is the remainder when o is divided by 223?
201
Let f = 2932 - 2654. Calculate the remainder when f is divided by 36.
26
Let l be (336/(-9))/((-3)/9). Suppose -l = -3*f + 65. Suppose -27 = -12*r + 153. What is the remainder when f is divided by r?
14
Let a = 11 + -5. Let h(r) = 2*r**2 + 16*r + 2. Let n(b) = -b**2 + 3*b + 10. Let t be n(-3). What is the remainder when a is divided by h(t)?
0
Let w(l) = 8*l + 19. Let o be w(-2). Suppose 8*h - 131 = -o*b + 3*h, 0 = -3*b + 3*h + 123. What is the remainder when b is divided by 11?
9
Suppose -233*s - 13618 = -255*s. What is the remainder when s is divided by 9?
7
Suppose 102*a - 26*a = 5016. What is the remainder when 1426 is divided by a?
40
Suppose 4*d - 23630 = -2*g, -5*d - 3*g + 21136 + 8400 = 0. What is the remainder when d is divided by 17?
10
Calculate the remainder when -1 + 3 - 39424/(-256) is divided by 81.
75
Suppose 13*n - 2*n - 517 = 0. Let s = 76 - n. What is the remainder when 106 is divided by s?
19
Let y(t) = 59*t - 387. Calculate the remainder when y(7) is divided by 10.
6
Let k = -65 - -89. Let o = 71 - k. Calculate the remainder when o is divided by ((-4)/(-6))/(4/102).
13
Let z(d) = 3*d**2 + 2*d - 13. Let x be z(5). Suppose -4*c + x = 2*c. Suppose 11 + 11 = h. What is the remainder when h is divided by c?
10
Let n be (-16 - 1)*1 + 7. Let j(v) = -35*v - 174. What is the remainder when j(n) is divided by 6?
2
Suppose 42 = 6*r - 42. Suppose 21*m = r*m + 2240. Let a = m + -224. What is the remainder when a is divided by 20?
16
Let c = -58 - -41. Let o = c - -26. Suppose 20 = 4*m - 80. What is the remainder when m is divided by o?
7
Let s(x) = -x**3 - 12*x**2 - 15*x - 13. Suppose -9*a - 148 + 58 = 0. Let w be s(a). Let j = w - -69. What is the remainder when 57 is divided by j?
3
Suppose -102*w = 103221 - 412383. Calculate the remainder when w is divided by 201.
16
Suppose -6*w = -63 - 45. Calculate the remainder when 2/(-3) + (-388)/(-6) is divided by w.
10
Suppose 47858*w = 47887*w - 20184. Calculate the remainder when w is divided by 170.
16
Suppose 1576 = -18*u - 962. Let t = 167 + u. What is the remainder when 311 is divided by t?
25
Let l(f) = -2*f**3 - 13*f**2 - 15*f - 117. Calculate the remainder when 60 is divided by l(-7).
23
Let l = 467 - 465. Suppose l*w - 758 = -96. What is the remainder when w is divided by 42?
37
Suppose -g = -4, 6*n + 3*g = -260 + 1094. What is the remainder when n is divided by 135?
2
Let u(s) = 4*s - 66. Let o(t) = -t**2 - 26*t - 159. What is the remainder when u(24) is divided by o(-12)?
3
Suppose s = -2*f + 13, -3*s - 16*f + 17*f + 46 = 0. Calculate the remainder when 882 is divided by s.
12
Suppose -668 = -14*q - 6*q + 892. What is the remainder when 79 is divided by q?
1
What is the remainder when (-18)/(-54) + (-43184)/(-12) is divided by 5?
4
Let o = 16 + 2. Suppose -u - 3 + o = -3*h, -5*h = 25. Let l(i) = i**2 - 2*i + 18. Calculate the remainder when 26 is divided by l(u).
8
Suppose 5*n = 10, l - 2*l = -n - 20. Calculate the remainder when ((-123)/(-12))/(1/4) is divided by l.
19
Let m(y) = 13*y + 1. Let a = -3 + 4. Calculate the remainder when (212/(-6))/(((-16)/(-6))/(-4)) is divided by m(a).
11
Suppose -859 = 10*q - 1669. Let d(c) = 41*c**3 + c**2. Let m(u) = 2*u**2 + u. Let x be m(-1). What is the remainder when q is divided by d(x)?
39
Let z = -17558 - -17581. Calculate the remainder when 753 is divided by z.
17
Let d(y) = y**3 - 24*y**2 - 23*y - 22. Let n(k) = -k**3 - k**2 - 4*k - 5. Let u be n(-3). Calculate the remainder when 52 is divided by d(u).
24
Let g = 523 + -481. Calculate the remainder when ((g - (-1 + 5)) + -2)*2 is divided by 25.
22
Let j be (1 - 0)*1*-53. Let k = j + 207. What is the remainder when k is divided by 31?
30
Let a = -481 + 488. Suppose -d - 5*b + 169 = 0, 5*d + a*b - 887 = 3*b. Calculate the 